- 28. Let c be y(j). Calculate the greatest common factor of c and 25.
25
Suppose -4*j + 23 = -1. Suppose -s - 72 = -z, 3*z = -2*s + 353 - 132. Let q = 121 - z. Calculate the greatest common factor of j and q.
6
Let p(k) = k**3 - 2*k**2 - 7*k + 8. Let i be p(5). What is the highest common divisor of i and 120?
24
Let m be 14 - (-4 + 2 + 3). What is the greatest common factor of m and 104?
13
Let l = 10 + -6. Suppose 6*d - l*d - 122 = 0. Let s = d + -17. Calculate the highest common factor of 11 and s.
11
Let c be 45/10*40/6. Suppose 3*w + 5*v - c = 0, 6 = -2*w - 3*v + 26. Let d(g) = 11*g**2 - 3*g + 2. Let m be d(2). What is the greatest common factor of m and w?
10
Let f(d) = -d**3 + d**2 - d + 36. Let y be f(0). Let m be 21/(55/26 - 2). Let c = m + -92. What is the highest common factor of c and y?
18
Suppose -5*j - 5 + 221 = -4*v, 3*j - 3*v - 132 = 0. What is the highest common divisor of 10 and j?
10
Let n(x) = x**3 + 9*x**2 + 2*x + 3. Suppose -60 + 15 = 5*d. Let l be n(d). Let i be 10/l + (-124)/(-6). What is the greatest common divisor of 30 and i?
10
Let i(d) = -2*d + 2. Let m be i(-3). What is the highest common factor of m and 40?
8
Let v(b) = b - 6. Let i be v(10). Suppose -i*c + 66 = -3*l - 22, 0 = -2*c - 2*l + 44. What is the greatest common factor of 55 and c?
11
Let s be ((-1)/(-4))/((-5)/(-20)). Let d be (228/(-20))/(s/(-5)). What is the highest common divisor of 38 and d?
19
Suppose 3*g - 8*u = -4*u - 271, 0 = g - 2*u + 93. Let r = -40 - g. Calculate the greatest common factor of 9 and r.
9
Suppose 8 = 4*z - 8. Let v be -1 - -3 - (0 + -1). Suppose v*r + 84 = 6*r. What is the greatest common divisor of z and r?
4
Let n = 547 + -349. Calculate the highest common divisor of n and 22.
22
Let o be (-4)/(-18) + (-104)/(-18). Let c = 11 - o. Suppose 2 - 7 = -c*n. What is the greatest common divisor of 7 and n?
1
Let x be 26/65 + 196/10. Calculate the highest common divisor of x and 200.
20
Suppose -4*n + 26 = -t + 2*t, -3*t = 4*n - 30. What is the greatest common factor of 15 and n?
3
Let y be 10/(-25) - (-84)/10. Calculate the greatest common divisor of y and 8.
8
Let d = 5 - 1. Suppose -4*z + d + 12 = 0. Let t = 65 - 37. What is the greatest common divisor of t and z?
4
Suppose 11*z = 6*z + 30. Calculate the highest common factor of 9 and z.
3
Suppose 3*h = l + 133, -4*l - 129 = -3*h - l. Calculate the highest common divisor of h and 9.
9
Let d be (-4 - 32)*2/(-3). What is the highest common factor of d and 36?
12
Let u = -45 - -69. What is the greatest common divisor of u and 12?
12
Let z(f) = 2*f + 15. Let p be z(-7). What is the highest common divisor of p and 11?
1
Let i(l) = l**3 + 4*l**2 - 5*l - 4. Let y be (6/(-2))/(24/32). Let n be i(y). Let z = 74 + -42. Calculate the highest common factor of z and n.
16
Let m be (0 + 22 - -2)/1. What is the greatest common factor of m and 6?
6
Suppose 4*b - b = 147. Suppose 0*f - 4*f - 125 = -5*s, -4*f - 20 = 0. Let z = s + -14. Calculate the highest common factor of z and b.
7
Let h(t) = t + 12. Let n be h(-6). Suppose -n = -4*d + 30. What is the highest common divisor of 36 and d?
9
Suppose 2*q + 2*g + 3*g = -21, 15 = -5*g. Let i be (-56)/(-3) - (-2)/q. Let s(w) = -3*w - 6. Let l be s(-4). What is the greatest common divisor of i and l?
6
Let f be (-2)/(-8) + 39/(-12). Let u(a) be the first derivative of -a**4/4 + 2*a**2 - a + 1. Let h be u(f). What is the greatest common divisor of h and 126?
14
Let r(f) be the first derivative of -f**2/2 + 7*f - 1. Let l be r(7). Suppose 2*k - 14 - 12 = l. Calculate the greatest common factor of 104 and k.
13
Suppose 0 = -4*q + 30 + 10. What is the greatest common factor of q and 10?
10
Suppose 10*d + 37 - 127 = 0. Calculate the greatest common factor of d and 72.
9
Let r = -144 + 155. Suppose -g - u - 20 = -2*g, 3 = -u. Suppose -g = j - 72. Calculate the greatest common factor of r and j.
11
Suppose 2*a - 218 + 178 = 0. What is the highest common factor of 12 and a?
4
Suppose 0 = a + u + 17 - 178, -4*a = -5*u - 680. Calculate the highest common factor of a and 33.
33
Let x(q) = 7*q - 6. Let k(p) = 2*p - 10. Let c be k(8). Let f be x(c). Calculate the highest common divisor of 4 and f.
4
Let f(j) = 6*j**2 + 2*j + 1. Let a be f(-1). Suppose l + 34 = 4*d + 3*l, -a*l = -d + 3. Calculate the greatest common factor of 80 and d.
8
Let r = 55 + -30. Calculate the greatest common factor of r and 10.
5
Let f be 70/5*(-3)/(-6). Calculate the greatest common divisor of 77 and f.
7
Suppose 31 = 5*i - 69. Suppose 2*o = -77 - 27. Let l = o + 92. What is the greatest common divisor of l and i?
20
Let o = -4 - -6. Suppose -5*s + 5*j + 20 = 0, -o*s + 3 + 1 = -3*j. Suppose 3*n - s = 2*n. What is the highest common divisor of 2 and n?
2
Let r be (-1 + -21)/(1/(-11)). Calculate the highest common factor of r and 22.
22
Let p(g) = 11*g**3 - g + 2. Let f be p(2). What is the greatest common factor of f and 8?
8
Let z be 3/((1 + -2)*(-4)/100). Calculate the greatest common divisor of z and 30.
15
Let l(h) = 2*h**2 + 18. Let g be l(3). Let a be (-9 + 0)*(-1 - 5). Suppose 3*b - a = -0*b. What is the greatest common divisor of g and b?
18
Let n = -1 - -3. Let q be (-4)/((-30)/14 + n). Calculate the greatest common divisor of q and 7.
7
Let o be (0 + -6)/((-2)/2 + -1). What is the highest common factor of 48 and o?
3
Suppose 104 = 7*m + m. Calculate the greatest common divisor of m and 39.
13
Suppose -1602 = -4*y - 106. What is the greatest common factor of y and 34?
34
Let z = -31 - -94. Calculate the greatest common factor of 21 and z.
21
Let q(s) = 19*s + 2. Let r be q(1). Calculate the highest common divisor of 3 and r.
3
Let u = 1 + 0. Suppose 0 = j - 4*x - 12, -x - 3 = -8*j + 3*j. Let d be 63 + (j - -1) + u. What is the greatest common factor of d and 13?
13
Suppose 3*p + 5*i = i + 42, 2*p + i = 28. Calculate the highest common factor of p and 2.
2
Suppose -4*z + 0*z = 8. Let f be (0 - (z - -3)) + -2. Let c be (-30)/f - (-1 + 1). What is the highest common divisor of 80 and c?
10
Let b = -61 - -145. Suppose 2*u = 4*u - 24. What is the greatest common factor of u and b?
12
Let z be (3 - 5) + 2 - -1. Let o be ((-24)/20)/(z/(-10)). Calculate the greatest common divisor of 84 and o.
12
Let z = 17 - -9. Calculate the greatest common divisor of 65 and z.
13
Suppose -k + 4 = -11. Calculate the greatest common factor of 5 and k.
5
Let d(r) = -7*r - r**2 - r - 1 - 1. Let v be d(-7). Let q be 348/v + 12/30. Calculate the highest common divisor of q and 10.
10
Suppose 2*y - 4*y = -38. Let l = -16 + y. Calculate the greatest common divisor of l and 12.
3
Let z(h) = -h**2 - 7*h + 2. Let t be z(-5). What is the greatest common factor of 18 and t?
6
Suppose 24*r - 32 = 20*r. Calculate the greatest common divisor of 2 and r.
2
Let s be (-4)/10 + (-56)/(-40). Let m be (-5)/(-5)*(s + 0). What is the greatest common factor of m and 4?
1
Suppose -4*o - 91 = -2*z - 5*o, 0 = -2*o - 2. What is the greatest common divisor of 506 and z?
46
Suppose -59 = -5*p - 5*h - 4, 5*p - 3*h - 63 = 0. Suppose p = -r - 3*r. Let a = r - -6. What is the highest common factor of 2 and a?
1
Suppose 5*t - 577 = -112. Calculate the greatest common divisor of 31 and t.
31
Let n be 2 + ((-1)/3)/((-4)/12). What is the greatest common factor of n and 4?
1
Suppose 115 = 4*c - 5. Calculate the highest common factor of c and 45.
15
Let i(h) = 8*h + 12. Let p be i(4). Calculate the highest common divisor of 11 and p.
11
Suppose 3*r = -u + 83, 0 = -2*r + 3*u - 5*u + 58. Suppose 0 = -4*w + w + 9. Calculate the highest common factor of w and r.
3
Let m(u) = u**2 - 3. Let c be m(4). Let d(s) = s**3 - 9*s**2 + 13. Let x be d(9). Calculate the greatest common divisor of x and c.
13
Let a be 23/6 + (-4)/(-24). Suppose a*c - 55 = l, -11 - 9 = -4*l. Let u = 40 - -20. Calculate the highest common divisor of u and c.
15
Let y = 133 + -83. Suppose 4*l - 40 = -2*h, 3*l + 2*h - h - 30 = 0. What is the greatest common factor of y and l?
10
Let v be 4/(-14) - (-148)/28. Suppose -5*n + 5 = -v. Suppose 2*y = 4*y - 12. What is the highest common factor of y and n?
2
Suppose 19 = 5*c + 4*w - 2, -3*w - 3 = 0. Let h(m) = -m**3 + 4*m**2 + 7*m - 1. Let f be h(c). What is the highest common factor of 63 and f?
9
Suppose -4*j + 81 = -79. What is 